 tens digit of v*-6*(-8)/(-12)?
2
Let n = -27 - -47. Suppose 3*y = -y + n. Suppose -y = -u - j, -5*u - 5 = j - 42. What is the units digit of u?
8
Let v = 61 - 19. Suppose 5*j + 4*i - 150 + v = 0, i - 22 = -j. What is the units digit of j?
0
Let f be 4/(-8) - 2/(-4). Suppose g - 4*v - 13 = f, -5*v - 5 + 0 = -5*g. What is the units digit of (0 - -3)/(4 + g)?
3
Let t = -80 + 126. What is the tens digit of t?
4
Suppose -4*a = 2*a - 246. What is the tens digit of a?
4
Suppose 0 = -2*b + 3*a + 307, 3*b - 4*a = 337 + 124. What is the hundreds digit of b?
1
What is the hundreds digit of (0 - -3) + 13/((-91)/(-1323))?
1
Let s = 2 - 4. Let m be (30/(-2))/(3/s). What is the units digit of ((-4)/m)/((-4)/20)?
2
Suppose 11 = 2*a - 4*a + 5*h, -3*h + 15 = 3*a. Suppose 2*q + 12 = -4*f, -q = -7*f + a*f - 1. What is the units digit of 2 + (-4 + 0)*f?
6
Let j(p) = -1 + 3*p**2 - p**3 + 3 - 1 - 3. Let u be (-3)/(1*-1) + -1. What is the units digit of j(u)?
2
Let a(x) = 3*x - 14. What is the tens digit of a(10)?
1
Let f(c) = 3*c**2 - 9*c + 46. What is the hundreds digit of f(7)?
1
Suppose s = 5*z - 19, z = 7*s - 3*s. Suppose 2*m - 264 = -z*m. What is the units digit of m?
4
Suppose 6 = 2*o + o. Let q(a) = -5*a + a - 8 - a + a**o. What is the units digit of q(7)?
6
Suppose -4*h + 4 = -4*o, h + 4*h + 3*o = 29. Suppose -5*i - 5*f = -50, 0 = -h*i - 2*f + 36 - 4. What is the units digit of i?
6
Let z = -11 - -16. Suppose 0 = -z*v - 0*v + 245. Let y = v - 34. What is the tens digit of y?
1
Suppose -3*z - 2*z = -45. Let s(b) = -2*b**3 - 3*b**2 + 2. Let l be s(-2). Let y = z - l. What is the units digit of y?
3
Let x(r) = 3*r**2 + r. Let j be x(-2). Let m = 15 - j. What is the units digit of m?
5
Let d be -30*(-8)/(-30)*-3. Suppose d = -4*a + 4*w + 200, 3*a + 3*w - 156 = 0. What is the units digit of a?
8
Let n be (-7)/(-2)*(-4)/(-7). Suppose -n*d - d = -9. What is the units digit of d?
3
Suppose 3*u - 10 = 4*g, 0*u + g - 7 = -4*u. Suppose -t - u = -5. Suppose -5*i + d = -31, 4*i - t*d = -5*d + 36. What is the units digit of i?
7
Let s be 5*((-4)/(-10))/(-1). Let i = s - -2. Suppose 14 = c + 5*h, i = -c - 0*h + 2*h + 7. What is the units digit of c?
9
Let h(j) = j**3 + 5*j**2 + 1. Let s = 2 - 5. What is the units digit of h(s)?
9
What is the tens digit of -9*(-6)/(90/35)?
2
Let z(h) = 2*h + h**2 + 2*h**3 - 4*h**2 - 13*h**3 + 1 + 4*h**2. What is the tens digit of z(-1)?
1
Suppose m - 2*m - 7 = 0. Suppose 3*w + 4*f + 3 = -5, 10 = -3*w - 2*f. Let n = w - m. What is the units digit of n?
3
Let g(s) be the second derivative of -s**5/20 - 5*s**4/12 - s**3/3 - 5*s**2/2 - 8*s. What is the tens digit of g(-6)?
4
Let u = -8 + 24. What is the tens digit of u?
1
Let h be -3 - (-1 + 0 + -2). What is the units digit of -1 - (h + -8 + 1)?
6
Suppose -4*o - 6 = -4*d - 6*o, 15 = 5*o. Suppose -3*q + 11 - 2 = d. What is the units digit of q?
3
Suppose -w - 31 = -2*w - 2*a, 0 = -a + 5. What is the tens digit of w?
2
Suppose -4*n = -2*n + l - 33, 3*n = l + 62. Suppose -2*f = -5*o - n, 4*o + 1 = 2*f - 13. What is the units digit of ((-2)/4)/(o/40)?
4
Let t = -61 - -64. What is the units digit of t?
3
Suppose 0 = -4*n - b - 21, -28 = 2*n - 0*b + 4*b. What is the units digit of 1211/35 - n/10?
5
Let l(n) = -n**3 + 6*n**2 - 6*n + 3. Let y be l(5). What is the units digit of 3/1 - 2/y?
4
Suppose 0 = 5*l + 10 - 5. What is the units digit of 1*l*(-3)/3?
1
Let q be (6 - 5)*(-1 + 0). What is the tens digit of (q - 31)/(6 - 8)?
1
Suppose 0 = -0*x - 2*x - 16. What is the units digit of (14/(-8))/(2/x)?
7
Let i(z) = z**3 + 12*z**2 + 7. What is the units digit of i(-12)?
7
Suppose 5*q + 36 = 2*q - 4*y, -2*y + 10 = -2*q. Let n = q - -13. What is the units digit of n?
5
Let w(s) = 2*s**2 + 2*s + 4. Let l be w(-3). Let q = 5 - l. Let c = q + 19. What is the units digit of c?
8
Let i(k) = 1. Let z(y) = y - 16. Let m(x) = 3*i(x) - z(x). What is the units digit of m(-13)?
2
Let c = -67 + 95. Let i = c - 10. What is the tens digit of i?
1
Let q = -20 - -46. Let a(n) = n**3 - 7*n**2 - 8*n + 5. Let u be a(8). Suppose -1 = -w, 0 = -u*s + w + q - 2. What is the units digit of s?
5
What is the tens digit of 21 - (-7)/(14/6)?
2
Suppose 0 = -o - 2*o + 3. What is the units digit of o?
1
Let q(i) = 10*i**2 + i + 12. What is the units digit of q(-4)?
8
Let w be (64/20)/((-2)/(-5)). Suppose -p = 2*t - w, 0 = p + 2*t - t - 12. What is the units digit of p?
6
Let k(d) = 2*d**2 + 2*d - 1. Suppose 4*c + 12 = -o, 0*c - 5*c - 4*o = 15. What is the tens digit of k(c)?
1
Let l = 43 + -36. What is the units digit of l?
7
Suppose -4 = -4*o, -4*i + 2*o - 4*o = 314. Let j = -31 - i. What is the units digit of j?
8
Let j(f) = f**2 + 0*f**2 - 23 + 2*f + 24. Let t be j(-1). Suppose r - 3 - 3 = t. What is the units digit of r?
6
Let p = -121 + 183. What is the units digit of p?
2
Let f be 10*(1 - 6/4). Let v(t) = t**3 + 5*t**2 - 2*t - 7. Let m be v(f). Suppose -4*s - m = -27. What is the units digit of s?
6
Suppose -130 = -4*n + c - 23, -n = c - 23. What is the units digit of n?
6
Suppose 16 = 2*z + 4. What is the units digit of z?
6
Let a = 8 - 5. Suppose -5*w - 58 = -3*i, i + a*w - 24 = -0*i. What is the units digit of i?
1
Suppose 0 = -9*u + 314 + 676. What is the units digit of u?
0
Let x(t) = -4*t**3 + 9*t + 4*t**3 + t**3 - 8*t**2 + 8 - t**2. What is the tens digit of x(8)?
1
Suppose -4*o + 8 = -8. Suppose -3*l + 20 = h, -40 = -o*h - 6*l + 2*l. Suppose -29 = -v - 4*m, 4*m = -5*v + h*m + 40. What is the units digit of v?
9
Let t = -2 - -4. Suppose -q = 4*g + 2, 0 = -5*g + 3*g - t*q - 4. Suppose h - 3*h + 36 = g. What is the units digit of h?
8
Let s be 2/((-3)/9*-2). Suppose -2*b - d + 30 = 0, s*d + 3 = -b - 2*d. Suppose -3*o = -c - 2, 5 = 4*c + 3*o - b. What is the units digit of c?
4
Let h be (-2)/(-8) + (-15)/(-4). Suppose -3*c - h = -i, -7 = 2*c + 5*i + 24. What is the units digit of c/(-1) + -1 + -1?
1
Suppose -396 = 12*q - 1296. What is the tens digit of q?
7
Let p(u) = -u**2 - 3*u - 1. Let z be p(-1). Let w(i) = 3*i**2 - 1. Let q be w(z). Suppose -2*f = -f - q. What is the units digit of f?
2
Let h(r) = 7*r**2 - 9*r + 3. Let m(a) = a**2 - a + 1. Let z(s) = h(s) - 6*m(s). What is the units digit of z(-2)?
7
Let s be (-6)/(-3)*(-7)/(-2). Let v = 7 + s. What is the tens digit of v?
1
What is the tens digit of 1/5 - 3822/(-65)?
5
Suppose -5*q = -3*q + 10. Let g = q - -13. What is the units digit of g?
8
Let k(s) = 12*s - 5. What is the tens digit of k(2)?
1
Let f = -9 - -15. Suppose 3*k = 5*k - f. What is the units digit of k?
3
Suppose -16*y = -2498 - 862. What is the hundreds digit of y?
2
Let m(v) = -v**3 + 5*v**2 + 7*v - 1. Let r(f) = f**2 + f. Let x be r(-3). What is the units digit of m(x)?
5
Suppose -2*q - 10*q = -1464. What is the hundreds digit of q?
1
Let c be (-12)/(-42) + (-66)/(-14). Suppose -4*m = 2*f - 30, 0 = -2*f - 0*f + 2*m. Suppose 5*q - f*j = c, 4*q + q - 9 = j. What is the units digit of q?
2
Let l(h) be the first derivative of h**4/4 - 7*h**3/3 + h**2/2 + 3*h - 1. What is the units digit of l(7)?
0
Suppose 27*h + 296 = 29*h. What is the tens digit of h?
4
Let g = 21 - -23. Suppose 3*x + 4*u = 142, 2*u + g = -2*x + 3*x. What is the tens digit of x?
4
Let o(m) = -m**3 + 6*m**2 - m - 1. Let n be (72/(-60))/(3/(-10)). What is the units digit of o(n)?
7
Suppose 2*q - 30 = 20. What is the tens digit of q?
2
Let g(s) = -4*s - 18 + 3*s + 1 - s. Let u be g(-13). Suppose 0 = -3*o - u + 60. What is the units digit of o?
7
Suppose -9*o + 1420 = -803. What is the hundreds digit of o?
2
Let h = 171 - 113. What is the units digit of h?
8
Let o = 4 + -4. Suppose o*w + 2 = w. Suppose 6*a - 8 = w*a. What is the units digit of a?
2
Let d(q) = 6*q**3 - 3*q**2 - 1. Let v(c) = -c + 2. Let u be v(-3). Let j(k) = 7*k**3 - 4*k**2 - 1. Let n(b) = u*d(b) - 4*j(b). What is the units digit of n(2)?
9
Let y = -51 - -112. What is the units digit of y?
1
Let q(u) = -u. Let g(h) = -5*h - 1. Let b(t) = -4*t - 1. Let p(n) = 3*b(n) - 2*g(n). Let c(v) = -p(v) + 3*q(v). What is the units digit of c(-4)?
5
What is the units digit of (-3 + 1)*(-3 + -13)?
2
Let i(h) = h**3 + 3*h**2 - 5*h - 5. Let a be i(-4). Let n = a - -9. Suppose 4*p + 0 = n. What is the units digit of p?
2
Let k = -37 + 26. Suppose -4*t + 6*t + 5*l = 47, 70 = 4*t + 2*l. Let d 